the tens digit of o(l)?
1
Let o be (-2)/(-9) + (-52)/(-9). Suppose 2*x = 5*x - o. What is the units digit of x?
2
Suppose -5*b = -k + 14, 1 = -b + 2*k - 0. Let o = 6 + b. What is the units digit of o?
3
Suppose v = -4, a - 88 = -3*a + 4*v. What is the tens digit of a?
1
Suppose -80 = -5*u + 30. What is the tens digit of u?
2
Let z(p) = 4*p**2 + 2*p - 2. What is the tens digit of z(-3)?
2
Let l be 1 - (0 + -2)/1. Suppose -8*v + l*v = -220. What is the tens digit of v?
4
Let u(l) = -l**2 - 15*l + 2. What is the units digit of u(-15)?
2
Let f(v) = -3*v - 3. Let o be f(-2). Suppose 4*w + 26 = -0*w - o*j, 2*w + 2*j = -14. Let i = w - -10. What is the units digit of i?
5
Suppose -4*a + 143 = 4*w + 51, 0 = -w - 3*a + 33. Let v = w - 2. What is the units digit of v?
6
Let l(a) = a**2 - 2. Let m be l(5). Suppose 2*f = f + m. What is the tens digit of f?
2
Let y(b) = -b**2 + 19*b + 4. What is the units digit of y(19)?
4
Let c(z) = -z**2 + 4 - 8 + 2 + 0. Let x be c(0). What is the units digit of (3/(-2))/(x/12)?
9
What is the units digit of (-6)/(-42) - 754/(-14)?
4
Suppose 5*i = -3*k + 2*k + 2, 0 = 4*i + 5*k + 11. Let n be (4 + -2)*i/2. Suppose -c - n = -5. What is the units digit of c?
4
Suppose 0 = 4*z - 3*t + 7, 4*z = -2*t - 3*t + 1. What is the units digit of 18/9 + z + 36?
7
Let o = 45 + -16. What is the units digit of o?
9
Suppose 2*a = -3*g + 6*a, 0 = -2*g + 5*a. Suppose g = -0*s + 3*s - 3. What is the units digit of -3 - (-14*s + 3)?
8
Let m = 8 - 4. Let p(a) = -4*a - m*a + 6*a**2 + a**3 + 0*a**3 + 1. What is the units digit of p(-7)?
8
What is the tens digit of 102*(51/9 + -5)?
6
Let z(i) = 6*i + 1. Let d be z(-3). Let j = 32 + d. Suppose -j = 5*p - 8*p. What is the units digit of p?
5
Suppose -5*m - 26 = -661. What is the tens digit of m?
2
Suppose 0*n + 5*n - 13 = -x, -2*x + 16 = 5*n. Suppose 4*a - a = 4*t - 45, -3*t = -x*a - 33. What is the tens digit of t?
1
Let n = 23 + 33. What is the units digit of n?
6
Let q = -1 + 1. Suppose q*s + 4 = -s. What is the units digit of 7/2 + (-2)/s?
4
Suppose j + 12 = 3*a, 5*a + 5*j = -0*j + 40. Suppose a*d - 82 = 178. What is the units digit of d?
2
Let q(r) = -r**2 - 1. Let m be q(2). Let p(u) = -2*u - 3. What is the units digit of p(m)?
7
Let z = -27 + 123. What is the tens digit of z?
9
Let x(j) = -54*j + 5. What is the units digit of x(-3)?
7
Suppose -5*m + 570 = -4*z, -298 = -3*m + 3*z + 47. What is the hundreds digit of m?
1
Let a be -2 - (-1 + (-11 - 2)). Let n(r) = r**2 - 12*r + 6. What is the units digit of n(a)?
6
Let u(s) = 23*s - 5. Let q(f) = -12*f + 2. Let t(w) = -7*q(w) - 3*u(w). Let z be t(-1). What is the units digit of 9/6*z/(-3)?
7
Let n(h) = -4*h - 17. What is the units digit of n(-12)?
1
Let o(r) = -r**3 - 15*r**2 - 3*r + 14. Let k be o(-15). Let i = 114 - k. What is the tens digit of i?
5
Let g = -6 - -58. Suppose g = m + 3*m. What is the tens digit of m?
1
Let g(f) = -1 + 11 + 94*f - 93*f. Suppose -4*j = -j. What is the units digit of g(j)?
0
Let u(l) = 3 - 2*l**2 - 1 + l**2. Let d be u(2). What is the units digit of -1*d/(-1) + 5?
3
Let s = 10 + -5. Suppose h = s*h + k - 37, 4*k = 4*h - 32. What is the units digit of h?
9
Suppose -3*s + 4*n = 4 - 21, 5*n = 5*s - 25. Suppose -a = s*a - 4. What is the units digit of a?
1
Let h be (2/8*4)/(-1). What is the tens digit of ((-4)/3)/(h/18)?
2
Let v(k) be the second derivative of 0*k**2 + 2*k - 1/12*k**4 + 7/6*k**3 + 0. What is the units digit of v(6)?
6
Let g(n) = n - 9 - n**2 + 1 + 9*n. What is the units digit of g(9)?
1
Let y be ((-5)/(-2))/((-2)/(-4)). Let v = -2 + y. What is the units digit of v?
3
Suppose 3*r - 5*p = 62, r - 37 = -r - p. Let x = r + 0. What is the units digit of x?
9
Suppose -8 = -4*z, 2*z - 4 = -2*v + 10. Suppose 185 = 5*s - v*b, 5*s + b = 4*b + 183. What is the tens digit of s?
3
Suppose -u = 3*u - 112. What is the units digit of u?
8
Let i = -27 + 38. Suppose -u = -i + 1. Suppose 1 = g - u. What is the units digit of g?
1
Suppose -3*m - 12 = m. Let i be -1 + (-12)/m + -5. Let v(u) = 6*u**2 + 2*u + 3. What is the tens digit of v(i)?
2
Let n = 115 - -38. What is the tens digit of n?
5
Let s = -55 - -127. What is the tens digit of s?
7
Suppose 4*g = -3*z + 594, 4*z = g - 0*g + 811. What is the hundreds digit of z?
2
Suppose 0*m + 5*p = 4*m - 131, 2*p - 52 = -2*m. Suppose 5*n + 0*n = 5*g + 125, -g - 10 = 2*n. Let y = g + m. What is the units digit of y?
9
Let g be 15/(1*(-3)/(-6)). Suppose -3*i - 2*i + g = 0. What is the units digit of i?
6
Suppose 2*q + 90 - 20 = 0. Let h = 49 + q. What is the tens digit of h?
1
Suppose 3*m - 4*q + 8 = 0, -2*m + 16 = -3*m + 4*q. Suppose 3*i = z + 3, 0 = z - 2*i - 0 + m. Let u = 8 + z. What is the units digit of u?
2
Suppose -w - 5*u + 582 = 2*w, 2*w + 2*u = 388. What is the tens digit of w?
9
Let t(g) = -2*g**3 - 12*g**2 + 15*g - 9. What is the hundreds digit of t(-9)?
3
Let v = 23 - 27. Let h = -9 - -15. Let z = v + h. What is the units digit of z?
2
Let y = 101 + -27. Suppose 33*m = 35*m - y. What is the units digit of m?
7
Suppose -5*f = -122 - 3. Let y = -13 + f. What is the units digit of y?
2
Suppose -4*t + 472 = 3*a + 63, 0 = -t - 2*a + 96. What is the tens digit of t?
0
Let d(m) = -m**2 + 11*m - 4. Let w = -17 - -26. What is the tens digit of d(w)?
1
What is the units digit of 104/1*(-1)/(-2)?
2
Suppose m - 52 = 53. What is the hundreds digit of m?
1
Let x = 12 - 19. What is the tens digit of x/14 - 27/(-2)?
1
Suppose -2*i - 5*y + 12 = -6, 0 = 5*i - 2*y - 16. Let g(b) be the second derivative of b**3/6 + 5*b**2/2 + 2*b. What is the units digit of g(i)?
9
Suppose 8*d - 7*d = 3. Suppose -20 = -5*a, -5*n + 7*a - d*a = -9. What is the units digit of n?
5
Suppose -2*q + 34 = q - o, 3 = -3*o. What is the tens digit of q?
1
Let z(i) = -i**2 + 20*i - 23. What is the units digit of z(12)?
3
Suppose -15 = 4*w - 3*w. Let n be (2*-3)/(-3) - w. Let c = 0 + n. What is the tens digit of c?
1
Suppose -15 = 5*r + k, 0*r + 2*r - 2*k + 18 = 0. What is the units digit of 3/(r - (-364)/88)?
2
Suppose -3*t + 10 = -5. Let s = 5 + t. What is the tens digit of s?
1
Suppose -a + 20 = 4*a. Suppose g - 10 = 2*t, -g - g = 4*t + a. What is the units digit of 5/(-2)*g/(-5)?
2
Let u be (-24)/(-36) - 1/(-3). What is the units digit of (-3 + (1 - -3))*u?
1
Let t(p) = -p**3 + 4*p**2 + 5*p + 4. Let x be t(5). Suppose 3*d - 8 = x*q, -4*q = 3*d - 49 + 9. Let u = d + -3. What is the units digit of u?
5
Let s = 7 - 3. Suppose -s = -5*y + 11. Suppose -j = y*j - 3*f - 5, -3*f + 5 = -2*j. What is the units digit of j?
5
Let x = 47 - 5. Suppose 0*f + x = 3*f. What is the units digit of f?
4
What is the tens digit of 4/14 - (-1145)/35?
3
Let l = 16 - -50. What is the tens digit of l?
6
Suppose -9 = -f + 3*c + 10, 0 = -2*f - 4*c - 12. Suppose 2*u = 3*t - 21, -2*t + 60 = -f*u + 14. What is the units digit of ((-2)/3)/(u/54)?
3
Let f = -8 + 13. Suppose -s = -4*s + f*h + 12, 5*s + 5*h = 20. Suppose -2*u - 3*u + s = 3*i, -4*u - 56 = -5*i. What is the units digit of i?
8
Suppose 0 = -b - 2*b + 75. Let l = b - 14. What is the units digit of l?
1
Let j(n) = n**3 + 7*n**2 + 7*n + 7. Let q be 20/12 - 2/(-6). Suppose 4*c = 4*a + a + 38, 4*a - q*c + 28 = 0. What is the units digit of j(a)?
1
Suppose 25 + 21 = q. What is the units digit of q?
6
Let w = 128 + -100. What is the units digit of w?
8
Let q(d) = -d**3 - d + 1. Let t(s) = -6*s**3 - 5*s + 2. Let z(j) = 5*q(j) - t(j). What is the units digit of z(0)?
3
Suppose -v + 2*t + 16 = -0, -5*v = -4*t - 62. What is the units digit of (-3)/6*2 + v?
9
Suppose -5*s - 4*u + 83 + 92 = 0, 4*s = -5*u + 131. What is the units digit of s?
9
What is the tens digit of 107/2 + (-4)/32*4?
5
Let d(v) = -v**3 + 6*v**2 - v + 2. Let j be d(6). Let q(r) = -10*r + 1. What is the units digit of q(j)?
1
Let a be ((-9)/(-18))/((-1)/(-6)). What is the units digit of 81/(-1)*a/(-9)?
7
Let i(l) be the third derivative of -l**5/60 - l**4/24 + l**2. Let a(j) = j**3 - 2*j**2 + 11*j - 3. Let r(y) = a(y) + 4*i(y). What is the units digit of r(5)?
7
Let f be ((-3)/(-2))/((-15)/20). Let y = 7 + -3. Let v = y + f. What is the units digit of v?
2
Let y be 2 - (6/2)/1. Let o = y - -10. What is the units digit of o?
9
Suppose 3 + 7 = 3*p + u, -u + 2 = p. Suppose -f + 5*q + 4 = -17, -p*f - q = 21. Let k(i) = -3*i - 